[INFO] fetching crate swc_plugin_js_api 0.8.0...
[INFO] checking swc_plugin_js_api-0.8.0 against master#9610dfe5a9a731ced1ea4923ecbd0c57fe367898 for beta-170-4
[INFO] extracting crate swc_plugin_js_api 0.8.0 into /workspace/builds/worker-6-tc1/source
[INFO] validating manifest of crates.io crate swc_plugin_js_api 0.8.0 on toolchain 9610dfe5a9a731ced1ea4923ecbd0c57fe367898
[INFO] running `Command { std: CARGO_HOME="/workspace/cargo-home" RUSTUP_HOME="/workspace/rustup-home" "/workspace/cargo-home/bin/cargo" "+9610dfe5a9a731ced1ea4923ecbd0c57fe367898" "metadata" "--manifest-path" "Cargo.toml" "--no-deps", kill_on_drop: false }`
[INFO] started tweaking crates.io crate swc_plugin_js_api 0.8.0
[INFO] finished tweaking crates.io crate swc_plugin_js_api 0.8.0
[INFO] tweaked toml for crates.io crate swc_plugin_js_api 0.8.0 written to /workspace/builds/worker-6-tc1/source/Cargo.toml
[INFO] running `Command { std: CARGO_HOME="/workspace/cargo-home" RUSTUP_HOME="/workspace/rustup-home" __CARGO_TEST_CHANNEL_OVERRIDE_DO_NOT_USE_THIS="nightly" "/workspace/cargo-home/bin/cargo" "+9610dfe5a9a731ced1ea4923ecbd0c57fe367898" "generate-lockfile" "--manifest-path" "Cargo.toml" "-Zno-index-update", kill_on_drop: false }`
[INFO] running `Command { std: CARGO_HOME="/workspace/cargo-home" RUSTUP_HOME="/workspace/rustup-home" "/workspace/cargo-home/bin/cargo" "+9610dfe5a9a731ced1ea4923ecbd0c57fe367898" "fetch" "--manifest-path" "Cargo.toml", kill_on_drop: false }`
[INFO] [stderr]  Downloading crates ...
[INFO] [stderr]   Downloaded swc_visit_macros v0.3.5
[INFO] [stderr]   Downloaded from_variant v0.1.5
[INFO] [stderr]   Downloaded swc_macros_common v0.3.7
[INFO] [stderr]   Downloaded swc_visit v0.3.2
[INFO] [stderr]   Downloaded swc_atoms v0.2.13
[INFO] [stderr]   Downloaded swc_eq_ignore_macros v0.1.1
[INFO] [stderr]   Downloaded ast_node v0.7.7
[INFO] [stderr]   Downloaded swc_common v0.16.1
[INFO] running `Command { std: "docker" "create" "-v" "/var/lib/crater-agent-workspace/builds/worker-6-tc1/target:/opt/rustwide/target:rw,Z" "-v" "/var/lib/crater-agent-workspace/builds/worker-6-tc1/source:/opt/rustwide/workdir:ro,Z" "-v" "/var/lib/crater-agent-workspace/cargo-home:/opt/rustwide/cargo-home:ro,Z" "-v" "/var/lib/crater-agent-workspace/rustup-home:/opt/rustwide/rustup-home:ro,Z" "-e" "SOURCE_DIR=/opt/rustwide/workdir" "-e" "CARGO_TARGET_DIR=/opt/rustwide/target" "-e" "CARGO_HOME=/opt/rustwide/cargo-home" "-e" "RUSTUP_HOME=/opt/rustwide/rustup-home" "-w" "/opt/rustwide/workdir" "-m" "1610612736" "--user" "0:0" "--network" "none" "ghcr.io/rust-lang/crates-build-env/linux@sha256:19e73879b68f455e41552ea35293514db52ea292d993f571636dbffedb77a1ee" "/opt/rustwide/cargo-home/bin/cargo" "+9610dfe5a9a731ced1ea4923ecbd0c57fe367898" "metadata" "--no-deps" "--format-version=1", kill_on_drop: false }`
[INFO] [stdout] d1b2b2b5e152dd125139c667d4b11943edc511c1d1e05300f03995853f0c315b
[INFO] running `Command { std: "docker" "start" "-a" "d1b2b2b5e152dd125139c667d4b11943edc511c1d1e05300f03995853f0c315b", kill_on_drop: false }`
[INFO] running `Command { std: "docker" "inspect" "d1b2b2b5e152dd125139c667d4b11943edc511c1d1e05300f03995853f0c315b", kill_on_drop: false }`
[INFO] running `Command { std: "docker" "rm" "-f" "d1b2b2b5e152dd125139c667d4b11943edc511c1d1e05300f03995853f0c315b", kill_on_drop: false }`
[INFO] [stdout] d1b2b2b5e152dd125139c667d4b11943edc511c1d1e05300f03995853f0c315b
[INFO] running `Command { std: "docker" "create" "-v" "/var/lib/crater-agent-workspace/builds/worker-6-tc1/target:/opt/rustwide/target:rw,Z" "-v" "/var/lib/crater-agent-workspace/builds/worker-6-tc1/source:/opt/rustwide/workdir:ro,Z" "-v" "/var/lib/crater-agent-workspace/cargo-home:/opt/rustwide/cargo-home:ro,Z" "-v" "/var/lib/crater-agent-workspace/rustup-home:/opt/rustwide/rustup-home:ro,Z" "-e" "SOURCE_DIR=/opt/rustwide/workdir" "-e" "CARGO_TARGET_DIR=/opt/rustwide/target" "-e" "CARGO_INCREMENTAL=0" "-e" "RUST_BACKTRACE=full" "-e" "RUSTFLAGS=--cap-lints=forbid" "-e" "RUSTDOCFLAGS=--cap-lints=forbid" "-e" "CARGO_HOME=/opt/rustwide/cargo-home" "-e" "RUSTUP_HOME=/opt/rustwide/rustup-home" "-w" "/opt/rustwide/workdir" "-m" "1610612736" "--user" "0:0" "--network" "none" "ghcr.io/rust-lang/crates-build-env/linux@sha256:19e73879b68f455e41552ea35293514db52ea292d993f571636dbffedb77a1ee" "/opt/rustwide/cargo-home/bin/cargo" "+9610dfe5a9a731ced1ea4923ecbd0c57fe367898" "check" "--frozen" "--all" "--all-targets" "--message-format=json", kill_on_drop: false }`
[INFO] [stdout] 385ba0035d9146edc83374d94ac87c9afca97cbe21e199ea7451d73cb96f0611
[INFO] running `Command { std: "docker" "start" "-a" "385ba0035d9146edc83374d94ac87c9afca97cbe21e199ea7451d73cb96f0611", kill_on_drop: false }`
[INFO] [stderr]    Compiling syn v1.0.109
[INFO] [stderr]    Compiling libc v0.2.144
[INFO] [stderr]    Compiling siphasher v0.3.10
[INFO] [stderr]    Compiling memchr v2.5.0
[INFO] [stderr]    Compiling ahash v0.7.6
[INFO] [stderr]    Compiling num-traits v0.2.15
[INFO] [stderr]    Compiling regex-syntax v0.7.2
[INFO] [stderr]    Compiling strsim v0.9.3
[INFO] [stderr]    Compiling num-integer v0.1.45
[INFO] [stderr]    Compiling syn v2.0.18
[INFO] [stderr]     Checking parking_lot_core v0.9.7
[INFO] [stderr]     Checking getrandom v0.2.9
[INFO] [stderr]    Compiling num-bigint v0.2.6
[INFO] [stderr]     Checking precomputed-hash v0.1.1
[INFO] [stderr]     Checking void v1.0.2
[INFO] [stderr]    Compiling rkyv v0.7.42
[INFO] [stderr]     Checking new_debug_unreachable v1.0.4
[INFO] [stderr]     Checking unreachable v0.1.1
[INFO] [stderr]     Checking tracing-core v0.1.31
[INFO] [stderr]    Compiling phf_shared v0.10.0
[INFO] [stderr]     Checking parking_lot v0.12.1
[INFO] [stderr]     Checking stable_deref_trait v1.2.0
[INFO] [stderr]     Checking seahash v4.1.0
[INFO] [stderr]     Checking rustc-hash v1.1.0
[INFO] [stderr]     Checking owning_ref v0.4.1
[INFO] [stderr]     Checking debug_unreachable v0.1.1
[INFO] [stderr]     Checking scoped-tls v1.0.1
[INFO] [stderr]     Checking hashbrown v0.12.3
[INFO] [stderr]    Compiling aho-corasick v1.0.1
[INFO] [stderr]    Compiling rand_core v0.6.4
[INFO] [stderr]    Compiling rand_chacha v0.3.1
[INFO] [stderr]    Compiling rand v0.8.5
[INFO] [stderr]    Compiling regex v1.8.3
[INFO] [stderr]    Compiling phf_generator v0.10.0
[INFO] [stderr]    Compiling string_cache_codegen v0.5.2
[INFO] [stderr]    Compiling swc_atoms v0.2.13
[INFO] [stderr]    Compiling Inflector v0.11.4
[INFO] [stderr]    Compiling serde_derive v1.0.163
[INFO] [stderr]    Compiling tracing-attributes v0.1.24
[INFO] [stderr]    Compiling pmutil v0.5.3
[INFO] [stderr]    Compiling darling_core v0.10.2
[INFO] [stderr]    Compiling swc_macros_common v0.3.7
[INFO] [stderr]    Compiling ptr_meta_derive v0.1.4
[INFO] [stderr]    Compiling swc_visit_macros v0.3.5
[INFO] [stderr]    Compiling rkyv_derive v0.7.42
[INFO] [stderr]    Compiling swc_eq_ignore_macros v0.1.1
[INFO] [stderr]    Compiling from_variant v0.1.5
[INFO] [stderr]     Checking tracing v0.1.37
[INFO] [stderr]     Checking ptr_meta v0.1.4
[INFO] [stderr]    Compiling darling_macro v0.10.2
[INFO] [stderr]    Compiling darling v0.10.2
[INFO] [stderr]    Compiling ast_node v0.7.7
[INFO] [stdout] error[E0308]: mismatched types
[INFO] [stdout]    --> /opt/rustwide/cargo-home/registry/src/index.crates.io-6f17d22bba15001f/ast_node-0.7.7/src/lib.rs:142:24
[INFO] [stdout]     |
[INFO] [stdout] 142 |     print("ast_serde", item)
[INFO] [stdout]     |     -----              ^^^^ expected `TokenStream`, found `Quote`
[INFO] [stdout]     |     |
[INFO] [stdout]     |     arguments to this function are incorrect
[INFO] [stdout]     |
[INFO] [stdout] note: function defined here
[INFO] [stdout]    --> /opt/rustwide/cargo-home/registry/src/index.crates.io-6f17d22bba15001f/swc_macros_common-0.3.7/src/lib.rs:34:8
[INFO] [stdout]     |
[INFO] [stdout] 34  | pub fn print(attr: &'static str, tokens: proc_macro2::TokenStream) -> proc_macro::TokenStream {
[INFO] [stdout]     |        ^^^^^
[INFO] [stdout] help: call `Into::into` on this expression to convert `Quote` into `TokenStream2`
[INFO] [stdout]     |
[INFO] [stdout] 142 |     print("ast_serde", item.into())
[INFO] [stdout]     |                            +++++++
[INFO] [stdout] 
[INFO] [stdout] 
[INFO] [stdout] error[E0308]: mismatched types
[INFO] [stdout]    --> /opt/rustwide/cargo-home/registry/src/index.crates.io-6f17d22bba15001f/ast_node-0.7.7/src/lib.rs:285:23
[INFO] [stdout]     |
[INFO] [stdout] 285 |     print("ast_node", item)
[INFO] [stdout]     |     -----             ^^^^ expected `TokenStream`, found `Quote`
[INFO] [stdout]     |     |
[INFO] [stdout]     |     arguments to this function are incorrect
[INFO] [stdout]     |
[INFO] [stdout] note: function defined here
[INFO] [stdout]    --> /opt/rustwide/cargo-home/registry/src/index.crates.io-6f17d22bba15001f/swc_macros_common-0.3.7/src/lib.rs:34:8
[INFO] [stdout]     |
[INFO] [stdout] 34  | pub fn print(attr: &'static str, tokens: proc_macro2::TokenStream) -> proc_macro::TokenStream {
[INFO] [stdout]     |        ^^^^^
[INFO] [stdout] help: call `Into::into` on this expression to convert `Quote` into `TokenStream2`
[INFO] [stdout]     |
[INFO] [stdout] 285 |     print("ast_node", item.into())
[INFO] [stdout]     |                           +++++++
[INFO] [stdout] 
[INFO] [stdout] 
[INFO] [stdout] error[E0308]: mismatched types
[INFO] [stdout]    --> /opt/rustwide/cargo-home/registry/src/index.crates.io-6f17d22bba15001f/ast_node-0.7.7/src/lib.rs:303:17
[INFO] [stdout]     |
[INFO] [stdout] 303 |     print(name, item)
[INFO] [stdout]     |     -----       ^^^^ expected `TokenStream`, found `Quote`
[INFO] [stdout]     |     |
[INFO] [stdout]     |     arguments to this function are incorrect
[INFO] [stdout]     |
[INFO] [stdout] note: function defined here
[INFO] [stdout]    --> /opt/rustwide/cargo-home/registry/src/index.crates.io-6f17d22bba15001f/swc_macros_common-0.3.7/src/lib.rs:34:8
[INFO] [stdout]     |
[INFO] [stdout] 34  | pub fn print(attr: &'static str, tokens: proc_macro2::TokenStream) -> proc_macro::TokenStream {
[INFO] [stdout]     |        ^^^^^
[INFO] [stdout] help: call `Into::into` on this expression to convert `Quote` into `TokenStream2`
[INFO] [stdout]     |
[INFO] [stdout] 303 |     print(name, item.into())
[INFO] [stdout]     |                     +++++++
[INFO] [stdout] 
[INFO] [stdout] 
[INFO] [stdout] error: aborting due to 3 previous errors
[INFO] [stdout] 
[INFO] [stdout] 
[INFO] [stdout] For more information about this error, try `rustc --explain E0308`.
[INFO] [stdout] 
[INFO] [stderr] error: could not compile `ast_node` (lib) due to 4 previous errors
[INFO] [stderr] warning: build failed, waiting for other jobs to finish...
[INFO] running `Command { std: "docker" "inspect" "385ba0035d9146edc83374d94ac87c9afca97cbe21e199ea7451d73cb96f0611", kill_on_drop: false }`
[INFO] running `Command { std: "docker" "rm" "-f" "385ba0035d9146edc83374d94ac87c9afca97cbe21e199ea7451d73cb96f0611", kill_on_drop: false }`
[INFO] [stdout] 385ba0035d9146edc83374d94ac87c9afca97cbe21e199ea7451d73cb96f0611
